of g?
2
Suppose -q + 27 = -4*r, 21 = q + 3*r - r. What are the prime factors of -2 + -1 - (12 - q)?
2
Let q = -29 - -19. List the prime factors of (-1704)/(-40) + (-4)/q.
43
Let h(t) = -t**3 + t**2 + 13*t - 15. Let b be h(-7). What are the prime factors of 5/((-15)/(-12)) + b + -1?
17
Let u(q) = q**3 + 3*q**2 - 2. Let z be u(-3). List the prime factors of 2 + 2*(z + 7).
2, 3
Let a(m) = -40*m + 3. Let t be a(-3). Let b = t + -75. List the prime factors of b.
2, 3
Let g be (-10)/15 - 114/(-9). Let o be (4/(-12))/(4/g). Let z(u) = 41*u**2 - 2*u - 1. What are the prime factors of z(o)?
2, 3, 7
Let x = 2251 + 794. List the prime factors of x.
3, 5, 7, 29
Suppose 7 = -3*v - 2. Let d(o) = -o**3 + 3*o**2 - 3*o - 2. Let a be d(v). Suppose -2*g + 3*h + 71 = -0*h, 2*g - 5*h - a = 0. What are the prime factors of g?
43
Let i = 124 + 224. List the prime factors of i.
2, 3, 29
Suppose 33 = 10*g - 3217. What are the prime factors of g?
5, 13
Suppose -2*t - 43 - 33 = 0. Let h = -97 + 167. Let j = t + h. What are the prime factors of j?
2
Suppose -2*j - n = j - 217, -5*j = -4*n - 356. Suppose 0*l - 3*h = -3*l + 201, 0 = -l + 2*h + j. What are the prime factors of l?
2, 31
Suppose 3*t - 309 = -3*q, 14*q + 3*t + 206 = 16*q. List the prime factors of q.
103
Let s(f) = -29*f + 6*f - 22*f - 4. List the prime factors of s(-3).
131
Let m be ((-2)/3)/(4/(-462)). Suppose -m = 3*f - 380. List the prime factors of f.
101
Suppose 34 = 200*v - 198*v. Suppose 0 = h + v - 115. List the prime factors of h.
2, 7
Let g(j) = 14*j**2 + 5*j + 4. Let a(b) = -3*b**3 + b**2 + b - 1. Suppose 3*p = -0*p + 3. Let u be a(p). What are the prime factors of g(u)?
2, 5
Suppose 2*d - 3*a - 1855 = 0, -28*a + 27*a = -5*d + 4670. What are the prime factors of d?
5, 11, 17
Suppose -5*g - 3*o = -45, 4*g - 4*o + 7*o - 39 = 0. Suppose 2*b - g = 6. Suppose 5*k = -4*d + 28, -b*d = -d + 5*k - 30. What are the prime factors of d?
2
Let z(t) = -t**3 + 9*t**2 + 10*t - 6. Let f be z(10). Let u = f - -27. What are the prime factors of 1000/28 + 6/u?
2, 3
Suppose 8*h = 4*h. Let l(o) = -2*o - 114. Let i be l(h). Let n = -64 - i. What are the prime factors of n?
2, 5
Suppose 5*l - 11 - 16 = -2*m, -m + 5*l = -21. Let f be 20/m + 3/4. Suppose 2*h + x = 147, -69 = -h + f*x - 7*x. List the prime factors of h.
2, 37
Let g be (-2)/(-23) - (-105)/115. Let i(m) = 68*m**2 - 13*m - 11. Let t(v) = 34*v**2 - 7*v - 6. Let y(h) = 6*i(h) - 11*t(h). What are the prime factors of y(g)?
3, 11
Suppose 0 = 5*j - 4*w - 3620, -3*j - w - 559 = -2731. Suppose -36*n - j = -40*n. List the prime factors of n.
181
Suppose -y - 4*w = -326, 3*y - w = 3*w + 1010. Let s = y - 193. What are the prime factors of s?
3, 47
Let r(y) = -y**2 - 11*y - 5. Let u be r(-10). Let m be 0 - 4/((-20)/u). What are the prime factors of (10/(-20))/(m/(-50))?
5
Suppose -o - 2 + 22 = -5*d, -4*o - 4*d = 16. Suppose 4*f + 4*i - 720 = o, -f + i = 6*i - 172. What are the prime factors of f?
2, 7, 13
Let i = 596 - 120. What are the prime factors of i?
2, 7, 17
Let f(j) = -1. Let i(o) = 18*o - 5. Let w(x) = 5*f(x) - i(x). Let y(n) = -n**2 - 5*n - 1. Let l be y(-5). What are the prime factors of w(l)?
2, 3
Let x(l) = 8*l**2 - 11*l - 20. What are the prime factors of x(9)?
23
What are the prime factors of (-6 - -15) + (-4036)/(-4)?
2, 509
Let n = -2631 + 3705. List the prime factors of n.
2, 3, 179
Let z(y) = 10*y**2 - 2*y + 55. What are the prime factors of z(9)?
7, 11
Let s(l) = 2*l**3 - 3*l**2 - 4*l + 3. Let u be s(3). Suppose -f = f - u. What are the prime factors of f?
3
What are the prime factors of 15316/(-98)*14/(-4)?
547
Suppose 2*c - 9 = -c + 3*g, 4*g - 42 = -5*c. Suppose 21 - 93 = -c*j. What are the prime factors of j?
2, 3
Suppose -2*a + 6*a + 1356 = 5*u, 0 = 4*u + 3*a - 1060. Suppose -u = 6*b - 10*b. What are the prime factors of b?
67
Let c = 4533 - 2150. List the prime factors of c.
2383
Suppose -176*v + 14 = -174*v. List the prime factors of v.
7
List the prime factors of (525 - 2)/(28/28).
523
Suppose 0*a = 5*a - 160. Suppose 4 - a = -4*m. Let i(t) = -t**2 + 9*t - 4. List the prime factors of i(m).
2, 5
Suppose 0 = -4*l - 0 + 20. Suppose 4*s - 3*p = 6, -4*p = l*s - 0*p + 8. Suppose s = 2*q - f - 68, -7*q + f + 164 = -2*q. List the prime factors of q.
2
Suppose 5*f + 28 = 6*f. Suppose h + 3*k - f = 31, -h = k - 63. Suppose -4*s - x + h = 0, -3*x - 27 = -2*s + 2*x. List the prime factors of s.
2
Let x(y) = 17*y**2 - 4*y - 5. Let g be x(5). Suppose 2*w - g = -6*w. What are the prime factors of w?
2, 5
Let h(i) = 6*i**2 - i. Let v be h(4). Suppose 19*g - 15*g = v. Suppose -2*x + g = -29. List the prime factors of x.
2, 13
Let o = -489 - -764. List the prime factors of o.
5, 11
Let p = -6 - -9. Let b be ((-3)/6)/(p/(-72)). Suppose 0 = -q + 2 + b. List the prime factors of q.
2, 7
Suppose t - 2*i - 1 + 5 = 0, -2*i - 20 = 5*t. List the prime factors of 1415/10 + -3 + 2/t.
2, 3, 23
Let h(x) = 657*x**2 - 18*x + 1. What are the prime factors of h(-1)?
2, 13
Let i(j) = j**2 - 2*j + 22. Let s be i(-11). Let m = s - -58. List the prime factors of m.
223
Suppose -6*k + 15 = -k. What are the prime factors of 21/(60/(-25) + k)?
5, 7
Let g = 173 + -48. Let j = g + -60. What are the prime factors of j?
5, 13
What are the prime factors of 2 - (-2094)/5 - 2/(-10)?
421
Let z be 32/3 + 4/3. Let q be (-3)/z + 85/20. Suppose -96 + q = -4*m. List the prime factors of m.
23
Let a = -131 - -188. Let p = 124 - a. What are the prime factors of p?
67
Let t(r) = r**3 - 28*r**2 - 26*r + 14. What are the prime factors of t(29)?
101
Let x(j) = 2*j**2 + 7*j - 10. Let i = 3 + -10. What are the prime factors of x(i)?
3, 13
Let g = 6 - -1. Let a = 3 - g. List the prime factors of (-2)/(a/(-6)) - -12.
3
Let h be 2/9 - 21752/36. Let g = -324 - h. What are the prime factors of g?
2, 5, 7
Suppose 0 = 2*a + 4*a - 2418. List the prime factors of a.
13, 31
Let p = 766 + -513. What are the prime factors of p?
11, 23
Let a = -65 + 4. Let w = a + 167. List the prime factors of w.
2, 53
Suppose 0 = 35*w - 3954 - 22751. What are the prime factors of w?
7, 109
Suppose -4*l - 5*m = 11, -l + m = -0*l - 4. List the prime factors of 2 + 79/(1/l).
3
Let t be 28/6 - 2/(-6). Let z(h) = h**3 - 5*h**2 + 3*h + t - 3*h**2 - h**2 + 4*h**2. What are the prime factors of z(5)?
2, 5
Suppose -132 = -3*g + 189. Suppose m - 50 = 3*d, -2*d + 3*d = -2*m + g. List the prime factors of m.
53
Let l(v) = 4*v**3 - 14*v**2 - 29*v - 1. Let y(x) = x**3 - 5*x**2 - 10*x. Let b(z) = -6*l(z) + 17*y(z). List the prime factors of b(-2).
2, 5
Suppose 2*r + 33 = -3. Let t = 5 - r. Suppose t = -2*i + 3*i. List the prime factors of i.
23
Suppose g - 9 + 75 = 4*u, 0 = -3*u + g + 50. Let h = u - 10. Suppose 0 = -h*x + 68 + 4. What are the prime factors of x?
2, 3
Let i = 32 - -240. What are the prime factors of i?
2, 17
Let q(d) = d**2 - 1. Suppose 0 = -j + 1 + 2. Suppose j*n = 7*n + 8. What are the prime factors of q(n)?
3
Suppose -6*l + l + 25 = 0. Let j(b) = b**2 - 7*b + 9. Let t be j(l). What are the prime factors of (19 + 2 + t)/2?
2, 5
Let s = 244 - 139. Let z = 206 - s. List the prime factors of z.
101
What are the prime factors of 561/(-22)*(-2 - 488/6)?
5, 17
Let g = 1400 - -361. What are the prime factors of g?
3, 587
Suppose -3*u + 2*z - 32 = -2*z, 0 = -4*u + z - 34. Let c = u - -14. Suppose a + 3*g = c, 5*g + 88 = 2*a + a. What are the prime factors of a?
3, 7
Let p = -16 + 22. Let i(r) = -2*r + 17. Let t be i(p). Suppose 2*k + 3*o - 108 = o, 0 = -t*k - 4*o + 275. What are the prime factors of k?
59
Suppose -k + 2300 = -5*x + 3*x, -4*k - 2*x + 9250 = 0. Suppose 16*j = 6*j + k. List the prime factors of j.
3, 7, 11
Suppose -22*w + 19*w + 18 = 0. Suppose 0 = w*v - 441 - 33. What are the prime factors of v?
79
Suppose -5*a + 10 = 5*d, 5*a + 5*d - 13 = d. Suppose -5 = -a*w - 0. List the prime factors of -2 + (6 - 2/w).
2
Let i = 0 + 0. Let d be 1*(-2 + 4) + 1 + -1. Suppose -4*y + 67 = 5*x, i = -0*y - y - d*x + 19. What are the prime factors of y?
13
Let o(p) = -41*p - 4. Let q be o(4). Let m = 268 + q. What are the prime factors of m?
2, 5
Suppose -k - 1939 = -2*v, -6*k - 6 = -8*k. What are the prime factors of v?
971
Let c(h) = -h**2 - 4*h - 2. Let j be c(-2). Suppose q = 5*s + 183, -4*s = -j*q + 3*q - 138. What are the prime f